ppose -10*b + 13*b - 5280 = 0. Let d = -1109 + b. Suppose 91 = -5*k + d. What is the tens digit of k?
1
Suppose d + 7 = 11. What is the hundreds digit of (-4)/8 - (-1282)/d?
3
Let q = 2476 - -199. What is the hundreds digit of q?
6
Let g(a) = -3*a**3 + a**2 + 3*a + 1. Let r be g(-1). Suppose 4*v - 5*y = 3804, 5*y = -r*v + 2*y + 1880. What is the units digit of v?
6
Let s = -1294 - -2374. Let z = -307 + s. What is the units digit of z?
3
Suppose -2*v - 21 = -4*n + 35, -n = 2*v - 4. Let k be 2*2/n*2*12. What is the units digit of (-1 + (-12)/8)/((-2)/k)?
0
Suppose 5*v = 54*j - 55*j + 2066, -23*v = -4*j + 8264. What is the units digit of j?
6
Suppose -6 = 2*d - 8. What is the tens digit of (-3116)/152*16/((-2)/d)?
6
Let h(u) = -172*u - 119. Let c be h(-16). Suppose -5*o + 2202 = -c. What is the units digit of o?
7
Let q(r) = -66*r + 2. Let b(j) = j**3 + 7*j**2 + 6*j + 4. Let g be b(-6). Suppose z + 18 = -z + g*l, -6 = -2*z - 2*l. What is the units digit of q(z)?
8
Let a be (251 - -2) + 1/(-1). Let t be ((-4)/6*1)/((-24)/a). Suppose -t*l = -16*l + 477. What is the tens digit of l?
5
Suppose -4*l + 4*x + 20 = 0, -3*x + 5 - 20 = -5*l. Suppose 5*o = -m + 220 + 878, l = -5*m + 15. What is the tens digit of o?
1
Suppose -5*d = 9 - 14. What is the tens digit of (d + 0)/(34/26418)?
7
Let w = 355 + -224. Suppose -3*c + w = j, -c = 3*c - 16. Let q = j - -146. What is the tens digit of q?
6
Let z be ((-4)/(-8))/(1/(-2)). What is the units digit of ((-10856)/24 - (-2)/6)*z?
2
Let p(h) = 962*h**3 - 14*h**2 - 2*h - 10. What is the units digit of p(3)?
2
Let j(o) = -o**3 + 64*o**2 - 238*o - 105. Let s be j(60). Let y = 1 + -1. Suppose -k + s + 24 = y. What is the units digit of k?
9
Let w = 886 - -530. Suppose -8*u + w = -10992. What is the thousands digit of u?
1
Let y = 1183 - 1330. Let z(i) = 30*i + 11. Let a be z(8). Let g = y + a. What is the hundreds digit of g?
1
Suppose 0 = 2*a + 5*a - 28. Suppose 4*p = 3*c + 309, 5*c = -a*p + 46 + 303. Suppose -g = t - p, g = t - 14 - 77. What is the tens digit of t?
8
Let j be (6/12*-386)/1. Let m = j - -594. What is the hundreds digit of m?
4
Suppose -t - 2*w + 1 - 4 = 0, 0 = -2*t + w + 9. Suppose -t*m + 630 + 414 = 0. What is the units digit of m?
8
Let d = -1215 + 377. What is the tens digit of (-5 + 5 - d)/2?
1
Let p be ((-13)/(-4))/(9/(-180)). Suppose -5*a + 303 = 3*b + 980, -20 = -4*a. Let z = p - b. What is the hundreds digit of z?
1
Suppose 4*l + 3*r - 74829 = 0, -14 - 1 = 3*r. What is the hundreds digit of l?
7
Suppose 60*h - i = 64*h - 49305, -3*h - 5*i + 37000 = 0. What is the ten thousands digit of h?
1
Let u be ((-8)/24)/((-1)/12). Suppose 0 = -c + 4*n - 20, u*n - 2*n + 100 = -5*c. Let l = c + 52. What is the tens digit of l?
3
Suppose 8*q - 1384 + 1424 = 0. Let z(o) = -258*o + 24. What is the hundreds digit of z(q)?
3
Let i = -19478 + 32586. What is the units digit of i?
8
Let a = -24 - -26. Let t(h) = h**3 + 4*h**2 + 2*h - 1. Let f be t(-3). Suppose 4*u + 154 = f*y, y = -a*u - 3 + 68. What is the tens digit of y?
7
Suppose -2*g - 5*d + 595 = -8*d, -2*g + 630 = 4*d. Let j = 318 + g. What is the tens digit of j?
2
Let n = -334 - -1963. What is the units digit of n?
9
Suppose -627*w + 620*w = -67781. What is the hundreds digit of w?
6
Let r = -92 - -94. What is the hundreds digit of (-1413)/r*108/(-243)?
3
Suppose 281 - 271 = 5*t. Suppose 3590 = 2*p - t*x, 30*x - 33*x - 3 = 0. What is the tens digit of p?
9
Suppose -4*q = -5*g + 15403, 2*g - q = -3*g + 15397. Suppose x - j = 1027, g = 3*x + 13*j - 18*j. What is the hundreds digit of x?
0
Suppose 8*f - 35 + 11 = 0. Suppose 0*d = f*q - 3*d - 591, 0 = 2*d - 4. What is the hundreds digit of q?
1
Let a(d) = -212*d - 76. Let g be a(-3). Suppose 0 = -8*q + 200 + g. What is the tens digit of q?
9
Let u be (-69)/6*(-2)/(-1). Let m = 24 + u. What is the units digit of 18 - (0 + m + -1)?
8
Let u = -4 + 2. Let v = 16 + u. Suppose -12*q + v*q - 184 = 0. What is the tens digit of q?
9
What is the ten thousands digit of (3 - 33/9)/(-8 - (-1798744)/224844)?
1
Let w = 49 + 107. Suppose -176 - w = -2*u. What is the tens digit of u?
6
Let h = 3 - 0. Suppose -12 = -2*j - 3*j - 4*x, x = h. What is the hundreds digit of (j + 4)*(-3 - 654/(-12))?
2
Let j be ((-714864)/(-20))/6 + (-12)/10. Suppose -4*w + j = 50*x - 46*x, -4*w - x + 5968 = 0. What is the units digit of w?
3
Suppose 0 = -3*m + 3*n - 4824, -52*m + 1612 = -53*m - 3*n. Let d = 2327 + m. What is the hundreds digit of d?
7
Let l(p) = 927*p - 478. What is the thousands digit of l(9)?
7
Let k be (11904 + 1/1)*(-100)/(-250). Suppose 202 = 17*o - k. What is the hundreds digit of o?
2
Let m = 65 - -376. Let x be (-4)/14 + (-9215)/(-35). Let d = m - x. What is the tens digit of d?
7
Let k be 4/16 + 1797/(-4). Let w be 4/22 - ((-26055)/(-99) - -7). Let r = w - k. What is the tens digit of r?
7
Let c(v) = -v**2 - 7*v + 13*v - 2*v**3 + 5*v**3 + 2. What is the tens digit of c(3)?
9
Let b be (4/(-16) + (-75)/(-12))*2. Suppose b*d = -d + 8580. What is the units digit of d?
0
Let w be 372/72 + -5 - 781/6. What is the units digit of 66724/52*1 + 20/w?
3
Let y = -25043 + 44766. What is the units digit of y?
3
Suppose -83*v - 82*v + 1296000 = -45*v. What is the units digit of v?
0
Suppose -5*t = 4*g - 37, 3 + 1 = 4*t. Let u be -2 + (g/4)/1. What is the tens digit of 27/63 - (522/(-7) - u)?
7
Let g = 180 + -166. Suppose -3129 - 2079 = -g*i. What is the tens digit of i?
7
Let d(q) = 7*q**2 + q - 5*q**3 + 2 - 8*q**2 + 9. Let n(a) = -2*a**3 - a**2 + 5. Let x(c) = 4*d(c) - 9*n(c). What is the tens digit of x(-3)?
8
Let d be 3 - 6/(-8)*(35 - 7). Suppose -4392 = -d*y + 12*y. What is the hundreds digit of y?
3
Suppose -u - 2*a + 345 = 0, 3*u - 986 = -225*a + 226*a. Suppose -295 = 2*q - 21. Let o = q + u. What is the units digit of o?
4
Suppose -l + 4*j = -8208, -2*l - 3*j + 23056 = 6684. Suppose 0 = 46*h - 30*h - l. What is the hundreds digit of h?
5
Suppose 500400 = 566*g - 558*g. What is the thousands digit of g?
2
Let b = -47 - -46. Let w be (b + 2)*-2*15/6. What is the units digit of (1 + w)/((-1)/2)?
8
What is the hundreds digit of (1194180/(-20))/(-5 + 2)?
9
Let s(k) = -1872*k - 2624. What is the tens digit of s(-26)?
4
Suppose -4*d + 1574 = -q - 1229, -4*d + 4*q = -2812. Suppose -s = -5*u - 171, -195 = -5*s + 5*u + d. What is the hundreds digit of s?
1
Suppose -o = 15*o - 93360. Suppose -11*v + o = 4*v. What is the tens digit of v?
8
Let y(b) = 3*b + 35. Let k be y(-11). Let l(v) = 31*v**3 - 4*v - 1. What is the tens digit of l(k)?
3
What is the hundreds digit of (-4 - 674)*329/(-42)?
3
What is the hundreds digit of 1394365/175 - (-18)/15?
9
What is the hundreds digit of 2/(6/33) - (-35128 + -46)?
1
Suppose -223*k - 2320145 = 154*k - 12456167. What is the thousands digit of k?
6
Let z(n) be the first derivative of -n**3/3 + 2*n**2 + 1142*n + 21. What is the tens digit of z(0)?
4
Let d be ((-36)/6)/6*(-2 + -1). Suppose 8*x - 3*o = d*x + 1048, -5*x - 3*o = -1072. What is the hundreds digit of x?
2
Let s(z) be the second derivative of -z**5/10 + 3*z**4/4 - z**3/6 - 12*z. Let k be s(4). Let u(i) = -i**3 + 12*i**2 + 12. What is the tens digit of u(k)?
1
Let o(j) = -j**2 - 3*j + 46. Let n be o(16). What is the tens digit of (-1562)/(-12) + 43/n?
3
What is the tens digit of (177828/112)/(-3 + 2 + 36/32)?
0
Let s(q) = -8*q**3 + 3*q**2 + 4*q - 3. Suppose -58 = -c + 3*x, -5*c + 3*x = -6*c + 46. Let z = c + -55. What is the hundreds digit of s(z)?
2
Suppose 0 = -225*d + 1862662 + 3214463. What is the units digit of d?
5
Suppose -3*o = 5*k - 40, 2*o = 5*k - 0*o - 15. Suppose 5*b - 946 = -n, -6549 = -k*n + 5*b - 1759. What is the hundreds digit of n?
9
Let v(c) be the second derivative of c**4/6 - 9*c**3/2 + 17*c**2 - 6*c - 1. What is the units digit of v(19)?
3
Suppose 60592 = 26*f + 12466. What is the hundreds digit of f?
8
Suppose -g + 2*o = 0, -3*g + 2*o = 7*o. Suppose y - 7 + 2 = g. Suppose -414 = -y*v - 49. What is the units digit of v?
3
Suppose 800 + 36 = -4*t + h, -4*h + 209 = -t. Let s = 293 + t. What is the hundreds digit of (s/(-16))/((-2)/72)?
1
Suppose 22*y - 322 + 36 = 0. Suppose y*z - 38*z = -3425. What is the tens digit of z?
3
Suppose -3*n = -5*n + 50. Suppose o + 5*z + 11 = -15, 4*z + n = -5*o. What is the tens digit of 46 + 